{"id":42,"date":"2014-07-15T20:18:11","date_gmt":"2014-07-15T20:18:11","guid":{"rendered":"http:\/\/npstockholm.se\/?page_id=42"},"modified":"2025-08-25T21:47:08","modified_gmt":"2025-08-25T21:47:08","slug":"om-oss","status":"publish","type":"page","link":"https:\/\/npstockholm.se\/?page_id=42","title":{"rendered":"Bli medlem 2025\/2026."},"content":{"rendered":"<p><a href=\"http:\/\/npstockholm.se\/wp-content\/uploads\/2014\/08\/North-Power-Stockholm-logosvart.jpg\"><img loading=\"lazy\" class=\"alignnone wp-image-135\" src=\"http:\/\/npstockholm.se\/wp-content\/uploads\/2014\/08\/North-Power-Stockholm-logosvart-300x187.jpg\" alt=\"North Power Stockholm, logo(svart)\" width=\"319\" height=\"199\" srcset=\"https:\/\/npstockholm.se\/wp-content\/uploads\/2014\/08\/North-Power-Stockholm-logosvart-300x187.jpg 300w, https:\/\/npstockholm.se\/wp-content\/uploads\/2014\/08\/North-Power-Stockholm-logosvart.jpg 935w\" sizes=\"(max-width: 319px) 100vw, 319px\" \/><\/a><\/p>\n<p><strong>2025\/2026:\u00a0 \u00a0<span style=\"color: #ff0000;\">Dags att betala medlemsavgift f\u00f6r 2025\/2026.<\/span><\/strong><\/p>\n<p><strong><span style=\"color: #ff0000;\">\u00a0 \u00a0 \u00a0 \u00a0 \u00a0 \u00a0 \u00a0 \u00a0 \u00a0 \u00a0 \u00a0\u00a0<\/span><\/strong><\/p>\n<p>Hj\u00e4lp oss att kunna orda supporterresor till vettiga priser \u00e4ven i vinter. Vi satsar i vanlig ordning p\u00e5 resor och evenemang\u00a0till matcherna i G\u00e4vle och s\u00f6derut.<\/p>\n<p>F\u00f6r att g\u00f6ra detta m\u00f6jligt, bli\u00a0medlem hos oss genom att s\u00e4tta in medlemsavgiften p\u00e5<strong>\u00a0<\/strong>SWISH:\u00a0<strong>123 120 9394.\u00a0<\/strong>eller bankgiro: <strong>438-9094<\/strong>.<\/p>\n<p>Mejla d\u00e4refter namn,mobilnummer och eventuellt tidigare medlemsnummer till npsthlm@gmail.com<\/p>\n<p><strong>Medlemsavgifter 2025\/2026.<\/strong><\/p>\n<p>Vuxen : 300<strong>\u00a0kr<\/strong><\/p>\n<p>Ungdom t.o.m 15\u00e5r:<strong> 200\u00a0kr<\/strong><\/p>\n<p>Familj: <strong>650 kr <\/strong>(alla i familjen skriven p\u00e5 samma adress\u00a0f\u00e5r varsitt medlemsnummer med alla f\u00f6rm\u00e5ner)<\/p>\n<p>Medlemskap ger:<\/p>\n<p>1)<strong>\u00a0<\/strong>Boka klackbiljett till bortaklacken f\u00f6r endast 100 kr\/st.<\/p>\n<p>2) F\u00f6rm\u00e5n att \u00e5ka med p\u00e5 v\u00e5ra mycket f\u00f6rm\u00e5nliga supporterresor. (medlemskap kr\u00e4vs f\u00f6r alla resor)<\/p>\n<p>3) I stort sett garanterad biljett till matcher med stor efterfr\u00e5gan s\u00e5 som slutspel.<\/p>\n<p>4)\u00a0K\u00e4nslan att st\u00f6dja NP-Stockholm med gemenskap och samvaro med AIK:are utan f\u00f6r staan som g\u00f6r det m\u00f6jligt att orda s\u00e5 f\u00f6rm\u00e5nliga resor som m\u00f6jligt.<\/p>\n<p>Hoppas du vill st\u00f6dja oss \u00e4ven i \u00e5r.<\/p>\n","protected":false},"excerpt":{"rendered":"<p class=\"excerpt\">2025\/2026:\u00a0 \u00a0Dags att betala medlemsavgift f\u00f6r 2025\/2026. \u00a0 \u00a0 \u00a0 \u00a0 \u00a0 \u00a0 \u00a0 \u00a0 \u00a0 \u00a0 \u00a0\u00a0 Hj\u00e4lp oss att kunna orda supporterresor till vettiga priser \u00e4ven i vinter. Vi satsar i vanlig ordning p\u00e5 resor och evenemang\u00a0till matcherna i G\u00e4vle och s\u00f6derut. F\u00f6r att g\u00f6ra detta m\u00f6jligt, bli\u00a0medlem hos oss genom att s\u00e4tta in medlemsavgiften p\u00e5\u00a0SWISH:\u00a0123 120 9394.\u00a0eller&hellip;<\/p>\n<p class=\"more-link-p\"><a class=\"btn btn-default\" href=\"https:\/\/npstockholm.se\/?page_id=42\">Read more<\/a><\/p>\n","protected":false},"author":1,"featured_media":0,"parent":0,"menu_order":0,"comment_status":"closed","ping_status":"closed","template":"","meta":[],"_links":{"self":[{"href":"https:\/\/npstockholm.se\/index.php?rest_route=\/wp\/v2\/pages\/42"}],"collection":[{"href":"https:\/\/npstockholm.se\/index.php?rest_route=\/wp\/v2\/pages"}],"about":[{"href":"https:\/\/npstockholm.se\/index.php?rest_route=\/wp\/v2\/types\/page"}],"author":[{"embeddable":true,"href":"https:\/\/npstockholm.se\/index.php?rest_route=\/wp\/v2\/users\/1"}],"replies":[{"embeddable":true,"href":"https:\/\/npstockholm.se\/index.php?rest_route=%2Fwp%2Fv2%2Fcomments&post=42"}],"version-history":[{"count":61,"href":"https:\/\/npstockholm.se\/index.php?rest_route=\/wp\/v2\/pages\/42\/revisions"}],"predecessor-version":[{"id":2389,"href":"https:\/\/npstockholm.se\/index.php?rest_route=\/wp\/v2\/pages\/42\/revisions\/2389"}],"wp:attachment":[{"href":"https:\/\/npstockholm.se\/index.php?rest_route=%2Fwp%2Fv2%2Fmedia&parent=42"}],"curies":[{"name":"wp","href":"https:\/\/api.w.org\/{rel}","templated":true}]}}